{"id":5582,"date":"2022-04-22T10:11:16","date_gmt":"2022-04-22T10:11:16","guid":{"rendered":"http:\/\/proabtennis.com\/qui-som\/cv-arenas\/"},"modified":"2022-04-22T17:04:59","modified_gmt":"2022-04-22T17:04:59","slug":"cv-arenas","status":"publish","type":"page","link":"https:\/\/proabtennis.com\/ca\/qui-som\/cv-arenas\/","title":{"rendered":"CV Arenas"},"content":{"rendered":"<section class=\"l-section wpb_row height_large\"><div class=\"l-section-h i-cf\"><div class=\"g-cols vc_row via_flex valign_top type_default stacking_default\"><div class=\"vc_col-sm-8 wpb_column vc_column_container\"><div class=\"vc_column-inner\"><div class=\"wpb_wrapper\"><div class=\"wpb_text_column\"><div class=\"wpb_wrapper\"><h4 class=\"p1\">DADES PERSONALS<\/h4>\n<p class=\"p1\">Nom: Josep Ma Arenas Grau<\/p>\n<p class=\"p1\">Data de naixament: 16\/03\/1967<\/p>\n<h4 class=\"p1\">TITULACIONS<\/h4>\n<ul>\n<li class=\"p1\">Titulat com a professor de tennis, director Esportiu i Coach Internacional per RPT (Registre Professional de Tennis)<\/li>\n<li class=\"p1\">Titulat per les millors escoles de Tennis del m\u00f3n (RFET, RPT, USPTR, USTA).<\/li>\n<\/ul>\n<h4 class=\"p1\">CURRICULUM COM A JUGADOR<\/h4>\n<ul>\n<li class=\"p1\">Ex Jugador 1\u00aa Categoria Nacional<\/li>\n<li class=\"p1\">Millor Ranking: 16 Espanya<\/li>\n<li class=\"p1\">Sub-Campi\u00f3 de Catalunya Cadet (Sub 16)<\/li>\n<li class=\"p1\">Sub-Campi\u00f3 de Catalunya Junior (Sub 18)<\/li>\n<li class=\"p1\">Guanyador de m\u00e9s de 100 tornejos Absoluts en Categoria Nacional<\/li>\n<li class=\"p1\">Durant l\u2019etapa com a jugador professional, va guanyar a m\u00e9s de 5 jugadors TOP-100 Mundial<\/li>\n<li class=\"p1\">Va jugar ATP CONDE GODO<\/li>\n<li class=\"p1\">Actualment, convocat per la Federaci\u00f3 Espanyola de Tennis per a jugar els campionats de la seva categoria<\/li>\n<\/ul>\n<h4>CURRICULUM COM A ENTRENADOR<\/h4>\n<ul>\n<li class=\"p1\">Responsable de l\u2019Escola d\u2019Alta Competici\u00f3 Club Tenis Sabadell<\/li>\n<li class=\"p1\">Co-Director de l\u2019Escola del Club Tenis Sabadell<\/li>\n<li class=\"p1\">Des de fa 23 anys i en l\u2019actualitat, Director de l\u2019Escola de Tennis del Club Esportiu Hisp\u00e0 Franc\u00e9s<\/li>\n<li class=\"p1\">Soci Fundador de l\u2019Acad\u00e8mia de Tennis PROAB TEAM (Gener 2000)<\/li>\n<li class=\"p1\">Director del centre d\u2019Alta Competici\u00f3 de PROAB TEAM<\/li>\n<\/ul>\n<h4 class=\"p1\">CURRICULUM COM A COACH<\/h4>\n<ul>\n<li class=\"p1\">Sub-Capit\u00e0 Copa Davis, juntament amb Alex Corretja, els anys 2012 i 2013<\/li>\n<li class=\"p1\">M\u00e9s de 15 anys d\u2019experi\u00e8ncia com a COACH de molts jugadors professionals, entre els que destaquen: ALBERT MONTA\u00d1ES (entre 1996 i 2006: millor r\u00e0nquing 52 ATP Entry System, ALBERT PORTAS (entre 2004 i 2007: millor r\u00e0nquing 21 ATP Entry System), GORKA FRAILE, SALVADOR NAVARRO, LAURA POUS, DAVID MARRERO, MARCEL GRANOLLERS, CARLA SUAREZ, ROBERTO CARBALLES (entre 2014 i 2018: es va posicionar per primera vegada entre els 100 millors tennistes Mundials: Millor r\u00e0nquing 95 ATP Entry System)<\/li>\n<\/ul>\n<h4 class=\"p1\">ACTUALMENT<\/h4>\n<ul>\n<li class=\"p1\">Director de l\u2019Acad\u00e8mia de Tennis PROAB TEAM<\/li>\n<\/ul>\n<\/div><\/div><\/div><\/div><\/div><div class=\"vc_col-sm-4 wpb_column vc_column_container\"><div class=\"vc_column-inner\"><div class=\"wpb_wrapper\"><div class=\"w-image style_outlined align_none\"><div class=\"w-image-h\"><img width=\"242\" height=\"300\" src=\"https:\/\/proabtennis.com\/wp-content\/uploads\/2021\/05\/JMA-ARENAS-CV-1-242x300.jpg\" class=\"attachment-medium size-medium\" alt=\"\" loading=\"lazy\" srcset=\"https:\/\/proabtennis.com\/wp-content\/uploads\/2021\/05\/JMA-ARENAS-CV-1-242x300.jpg 242w, https:\/\/proabtennis.com\/wp-content\/uploads\/2021\/05\/JMA-ARENAS-CV-1.jpg 580w\" sizes=\"(max-width: 242px) 100vw, 242px\" \/><\/div><\/div><\/div><\/div><\/div><\/div><\/div><\/section>\n","protected":false},"excerpt":{"rendered":"DADES PERSONALS Nom: Josep Ma Arenas Grau Data de naixament: 16\/03\/1967 TITULACIONS Titulat com a professor de tennis, director Esportiu i Coach Internacional per RPT (Registre Professional de Tennis) Titulat per les millors escoles de Tennis del m\u00f3n (RFET, RPT, USPTR, USTA). CURRICULUM COM A JUGADOR Ex Jugador 1\u00aa Categoria Nacional Millor Ranking: 16 Espanya...","protected":false},"author":4,"featured_media":0,"parent":5525,"menu_order":0,"comment_status":"closed","ping_status":"closed","template":"","meta":[],"acf":[],"_links":{"self":[{"href":"https:\/\/proabtennis.com\/ca\/wp-json\/wp\/v2\/pages\/5582"}],"collection":[{"href":"https:\/\/proabtennis.com\/ca\/wp-json\/wp\/v2\/pages"}],"about":[{"href":"https:\/\/proabtennis.com\/ca\/wp-json\/wp\/v2\/types\/page"}],"author":[{"embeddable":true,"href":"https:\/\/proabtennis.com\/ca\/wp-json\/wp\/v2\/users\/4"}],"replies":[{"embeddable":true,"href":"https:\/\/proabtennis.com\/ca\/wp-json\/wp\/v2\/comments?post=5582"}],"version-history":[{"count":4,"href":"https:\/\/proabtennis.com\/ca\/wp-json\/wp\/v2\/pages\/5582\/revisions"}],"predecessor-version":[{"id":5663,"href":"https:\/\/proabtennis.com\/ca\/wp-json\/wp\/v2\/pages\/5582\/revisions\/5663"}],"up":[{"embeddable":true,"href":"https:\/\/proabtennis.com\/ca\/wp-json\/wp\/v2\/pages\/5525"}],"wp:attachment":[{"href":"https:\/\/proabtennis.com\/ca\/wp-json\/wp\/v2\/media?parent=5582"}],"curies":[{"name":"wp","href":"https:\/\/api.w.org\/{rel}","templated":true}]}}

<section class="l-section wpb_row height_large"><div class="l-section-h i-cf"><div class="g-cols vc_row via_flex valign_top type_default stacking_default"><div class="vc_col-sm-8 wpb_column vc_column_container"><div class="vc_column-inner"><div class="wpb_wrapper"><div class="wpb_text_column"><div class="wpb_wrapper"><h4 class="p1">DADES PERSONALS</h4>
<p class="p1">Nom: Josep Ma Arenas Grau</p>
<p class="p1">Data de naixament: 16/03/1967</p>
<h4 class="p1">TITULACIONS</h4>
<ul>
<li class="p1">Titulat com a professor de tennis, director Esportiu i Coach Internacional per RPT (Registre Professional de Tennis)</li>
<li class="p1">Titulat per les millors escoles de Tennis del món (RFET, RPT, USPTR, USTA).</li>
</ul>
<h4 class="p1">CURRICULUM COM A JUGADOR</h4>
<ul>
<li class="p1">Ex Jugador 1ª Categoria Nacional</li>
<li class="p1">Millor Ranking: 16 Espanya</li>
<li class="p1">Sub-Campió de Catalunya Cadet (Sub 16)</li>
<li class="p1">Sub-Campió de Catalunya Junior (Sub 18)</li>
<li class="p1">Guanyador de més de 100 tornejos Absoluts en Categoria Nacional</li>
<li class="p1">Durant l’etapa com a jugador professional, va guanyar a més de 5 jugadors TOP-100 Mundial</li>
<li class="p1">Va jugar ATP CONDE GODO</li>
<li class="p1">Actualment, convocat per la Federació Espanyola de Tennis per a jugar els campionats de la seva categoria</li>
</ul>
<h4>CURRICULUM COM A ENTRENADOR</h4>
<ul>
<li class="p1">Responsable de l’Escola d’Alta Competició Club Tenis Sabadell</li>
<li class="p1">Co-Director de l’Escola del Club Tenis Sabadell</li>
<li class="p1">Des de fa 23 anys i en l’actualitat, Director de l’Escola de Tennis del Club Esportiu Hispà Francés</li>
<li class="p1">Soci Fundador de l’Acadèmia de Tennis PROAB TEAM (Gener 2000)</li>
<li class="p1">Director del centre d’Alta Competició de PROAB TEAM</li>
</ul>
<h4 class="p1">CURRICULUM COM A COACH</h4>
<ul>
<li class="p1">Sub-Capità Copa Davis, juntament amb Alex Corretja, els anys 2012 i 2013</li>
<li class="p1">Més de 15 anys d’experiència com a COACH de molts jugadors professionals, entre els que destaquen: ALBERT MONTAÑES (entre 1996 i 2006: millor rànquing 52 ATP Entry System, ALBERT PORTAS (entre 2004 i 2007: millor rànquing 21 ATP Entry System), GORKA FRAILE, SALVADOR NAVARRO, LAURA POUS, DAVID MARRERO, MARCEL GRANOLLERS, CARLA SUAREZ, ROBERTO CARBALLES (entre 2014 i 2018: es va posicionar per primera vegada entre els 100 millors tennistes Mundials: Millor rànquing 95 ATP Entry System)</li>
</ul>
<h4 class="p1">ACTUALMENT</h4>
<ul>
<li class="p1">Director de l’Acadèmia de Tennis PROAB TEAM</li>
</ul>
</div></div></div></div></div><div class="vc_col-sm-4 wpb_column vc_column_container"><div class="vc_column-inner"><div class="wpb_wrapper"><div class="w-image style_outlined align_none"><div class="w-image-h"><img width="242" height="300" src="https://proabtennis.com/wp-content/uploads/2021/05/JMA-ARENAS-CV-1-242x300.jpg" class="attachment-medium size-medium" alt="" loading="lazy" srcset="https://proabtennis.com/wp-content/uploads/2021/05/JMA-ARENAS-CV-1-242x300.jpg 242w, https://proabtennis.com/wp-content/uploads/2021/05/JMA-ARENAS-CV-1.jpg 580w" sizes="(max-width: 242px) 100vw, 242px" /></div></div></div></div></div></div></div></section>

DADES PERSONALS Nom: Josep Ma Arenas Grau Data de naixament: 16/03/1967 TITULACIONS Titulat com a professor de tennis, director Esportiu i Coach Internacional per RPT (Registre Professional de Tennis) Titulat per les millors escoles de Tennis del món (RFET, RPT, USPTR, USTA). CURRICULUM COM A JUGADOR Ex Jugador 1ª Categoria Nacional Millor Ranking: 16 Espanya...
